68778 = -5594*a + 5475*a. What are the prime factors of a?
2, 3, 1777
Suppose 7415 + 22262 = 5*l + 3*s, 2*l + 3*s = 11878. List the prime factors of l.
17, 349
Let j = 4037 - 1795. Let d = j - 1594. What are the prime factors of d?
2, 3
Let t(i) = -293*i**3 + 25*i**2 + 4*i + 2. Let y be t(3). List the prime factors of (-12)/16 - y/32.
239
Let u(o) = 24*o + o**2 - 7*o + 0*o**2 + 22. Let z = -622 - -605. List the prime factors of u(z).
2, 11
Let d = 1153 + -668. Let k = -306 + d. Suppose 2*f + k = 3*z - 309, -5*z + 5*f = -810. What are the prime factors of z?
2, 41
Suppose 0 = 5*j - 6*o + 3*o - 38, 3*j - 42 = -3*o. Suppose 0 = -6*h + j*h + 8*h. Suppose -4 = -p, 0 = 5*y - h*y - 4*p - 1244. List the prime factors of y.
2, 3, 7
Suppose 3*b - 2*j + 122 = 0, -4*j + 125 - 321 = 5*b. What are the prime factors of (-10722)/(-14) + b/(-280)?
2, 383
Let g(o) = -o**3 - 4*o**2 - 9*o - 2. Let j(s) = s**2 + 3*s + 1. Let f(u) = -3*g(u) - 8*j(u). Let z be f(-4). List the prime factors of -3*(3 + z/6).
2, 31
Let f(t) = -52*t - 28. Let s be f(-8). Let l = s - 39. What are the prime factors of l?
349
Let l be (-262)/655*(-1210)/4. Let z(g) = 2*g**2 + 1. Let t be z(-1). Suppose -w + 2*n + 3*n = -57, t*n = 2*w - l. What are the prime factors of w?
2, 31
Let b(v) = -v**2 - 24*v + 47. Let n be b(-33). Suppose -4*f + 1708 - 216 = 0. Let o = f + n. List the prime factors of o.
3, 41
Suppose 20*f = 9*f + 33. Suppose v = -f*v + 140. Let o = v + 72. What are the prime factors of o?
107
Let p(s) = -s**2 + 254*s - 8. What are the prime factors of p(102)?
2, 13, 149
Let d(v) be the third derivative of -5*v**4/24 - v**3 - 46*v**2. Let t be d(-2). Suppose -o - t*o - 255 = -5*a, 0 = -5*o + 25. List the prime factors of a.
2, 7
Let t be -2*3/2 - (-4 - 49). Suppose 0 = -i - f + 12, 7*i + 3*f = 3*i + t. List the prime factors of 1*i/2*10.
2, 5, 7
Suppose y + 40 = 5*y. Suppose b - y + 6 = 0. Suppose -4*d + b*k = -34 - 102, 0 = -5*d - 4*k + 179. List the prime factors of d.
5, 7
Let f be (-188)/(-188)*(1 - 4/(-1)). Suppose -5*l = f*y - 8510, -2*y + 6*l = 11*l - 3410. What are the prime factors of y?
2, 5, 17
Let u = 514 + 328. Suppose u = a - 68. Suppose -126 = 8*q - a. What are the prime factors of q?
2, 7
Let y(g) = 2*g**3 - g**2 + 5*g - 11. Let s be 25/125 - (2 + 78/(-10)). List the prime factors of y(s).
5, 83
What are the prime factors of (-105)/(-6)*((-2857)/(-5) - (-7 + 8))?
2, 7, 23, 31
Suppose -1 = 4*o - 5*g - 0, -5*o - g = -35. Let f = -60 - o. Let d = -19 - f. What are the prime factors of d?
47
Let s(x) = 13*x**2 - 37*x**2 + 4*x + 12*x**2 + 14*x**2 - 46. What are the prime factors of s(-19)?
2, 3, 5
Let y be 3/(-12) - 93/124. Suppose 169 = -2*z - 5*q, q - 1 = 2. List the prime factors of y/((4/z)/1).
23
Suppose -4*p + s + 338 = -162, 2*s = 0. What are the prime factors of 130/(1 + (-115)/p)?
5, 13
Let z be 20/35 - 85/(-35). Suppose -h - 16 = -0*i + 3*i, -24 = z*h + 3*i. What are the prime factors of (3 - -1)*(-166)/h?
2, 83
Let f be (-3)/7 - (-4654)/(-182). What are the prime factors of 2/f*-2 + (-175410)/(-585)?
2, 3, 5
Let x = 358 + -355. Let u(g) = -13*g - 4. Let q be u(3). List the prime factors of q/(-3) - x/9.
2, 7
Let l(t) be the first derivative of -4*t**2 + 592*t + 118. List the prime factors of l(0).
2, 37
Let m(a) = a**2 - 12*a + 80. Let j be m(-20). Suppose n + 16 = -4*f - f, -5*n + 2*f + 55 = 0. Suppose 3*w + j = n*w. List the prime factors of w.
2, 3, 5
Let q(f) = 5*f**3 - 42*f + 1. Let b be q(6). Suppose 5*r = b + 1036. List the prime factors of r.
373
Suppose -i - 2 = -4*n, -4*n - 4*i + 12 = -0*i. Suppose -3 = -y + n. Let z(c) = c**2 + 3. List the prime factors of z(y).
19
Let o = -9265 - -16265. List the prime factors of o/8 + 10 - (3 + -1).
883
Let i(u) = u**2 - 9*u - 75. Let f be i(14). Let c(t) = -4*t**3 + 2*t**2 + 12*t + 16. What are the prime factors of c(f)?
2, 11, 23
Suppose 0 = -3*p + p. Suppose p = 6*a - 811 - 107. Let r = -78 + a. List the prime factors of r.
3, 5
Let a(h) = 131*h - 7. Let g be a(3). Suppose 2*u - g = 2*w, 2*u - 2*w + w - 386 = 0. List the prime factors of u.
193
Let z(d) = 1604*d - 20. List the prime factors of z(4).
2, 3, 13, 41
Suppose 736*j = 743*j - 1638. Let k = j + -18. List the prime factors of k.
2, 3
List the prime factors of (-550)/1*((-1680)/15)/14.
2, 5, 11
Suppose -5*m = -35 - 0. Suppose -21 = m*p - 0*p. What are the prime factors of (212/3)/(p + 44/12)?
2, 53
Let k be (1003/(-2))/((-17)/34). Suppose 13*b - 10025 = -k. What are the prime factors of b?
2, 347
Suppose -12*i = 19*i + 3*i. Suppose -5*w = 10, v + i*w = w + 855. List the prime factors of v.
853
Let l(x) = -142*x - 63. Let u be l(-4). Suppose -11*c + 1409 = -u. List the prime factors of c.
2, 3, 29
Suppose -5*z + 3*u = -96398, 4*z = 21*u - 20*u + 77124. What are the prime factors of z?
2, 31, 311
Let o = 14420 - 3888. List the prime factors of o.
2, 2633
Let i = -79 + 114. Suppose -d + 6*d - i = 0. What are the prime factors of d?
7
Suppose 4*u + 0 + 14 = 2*a, 0 = 5*a - 2*u - 19. Suppose 4*f - 283 = a*f + 4*q, -4*q + 1535 = 5*f. List the prime factors of f.
3, 101
Let c(a) = 5232*a - 786. List the prime factors of c(5).
2, 3, 4229
Let b be 1/((-1)/(-94)) + 2. Suppose -3*c - 5*n - 31 = 0, c + 3*n + 41 = 24. What are the prime factors of (9/c)/((-18)/b)?
2, 3
Suppose 61 = -6*o + 373. Let u = -101 - -192. Let y = u - o. List the prime factors of y.
3, 13
Let z be ((-321)/(-21) - -2) + (-6)/21. Suppose -z = -5*d - 2. Suppose -264 = -d*r + 3*g, 0*r = -r - 4*g + 103. What are the prime factors of r?
7, 13
Suppose -4*t + 969 = t + d, -d = -2*t + 382. Let i = t + -108. Suppose 0 = 2*z - i + 5. What are the prime factors of z?
2, 5
Suppose -k - 2*k - y = -1373, 3*k = 5*y + 1397. Suppose -309 = -3*b + k. List the prime factors of b.
2
Let z(f) = -f + 6. Let g be z(3). Suppose -3 + 12 = g*k. Suppose k*n + 3*n - 462 = 0. List the prime factors of n.
7, 11
Suppose -1606 + 607 = -c. Let d = c - 475. List the prime factors of d.
2, 131
Let w(p) = p**3 + 2*p**2 + 81*p - 1188. List the prime factors of w(25).
2, 3, 41
Suppose 0*m + 10*m = 40. Suppose 3*k - 7*k = -4*c + 16, c = -3*k - m. Suppose 4*h + 2*q = 3*q + 876, -662 = -3*h + c*q. List the prime factors of h.
2, 109
Let y = 47 + -45. Let a(k) = k**2 + k - 1. Let s be a(y). Suppose 2*x - 5*f - 171 = 0, -s*x + 2*x - f = -231. What are the prime factors of x?
2, 3, 13
Let n = -128 + 129. List the prime factors of (n/4*2)/(26/14404).
277
Let a(c) = -334*c - 3355. Let y be a(-10). Let i(m) be the first derivative of -m**4/4 - 16*m**3/3 - 8*m**2 + 26*m - 1. List the prime factors of i(y).
41
Let s be 0 + -1 + 847/7. Let r(o) = -o**3 + 18*o**2 - 8*o - 41. Let i be r(17). Let n = s - i. What are the prime factors of n?
2
List the prime factors of 36 + -20 + -13 + 7170/(3 - 0).
2393
Let g be (-8 + 0/12)*1/(-4). Let b = -6 + 10. Suppose -b*u + g*u = -86. What are the prime factors of u?
43
Let u(f) = -6*f**2 - 2*f - 2. Let h(o) = -o**2 - o. Let i(n) = 5*h(n) - u(n). Let d be i(1). Suppose -a + d*a = -9. What are the prime factors of a?
3
Let u be (24/15)/((-18)/(-45)). Let m be (3/u)/((-6)/(-32)). List the prime factors of 10/m*(-6976)/(-80).
2, 109
Let h = 8825 - 5849. Suppose -2*k + 18*k - h = 0. List the prime factors of k.
2, 3, 31
Let u be (18/30)/((-6)/4)*-5. Let c be (1 + (u - -1))*30/24. Suppose -c*s + 0*d = 5*d - 5, 3*s = 5*d + 27. List the prime factors of s.
2
Let d be 2741/(-8) - 18/48. Let p = d - -501. What are the prime factors of p?
2, 79
Let n be 667935/540 + 2/24. Suppose -n - 2795 = -8*s. What are the prime factors of s?
2, 3, 7
Let c = 4189 - -3073. What are the prime factors of c/6 - (-220)/132?
2, 3, 101
Let a = -58 + 87. Suppose 30*q - 25 = a*q. Suppose -4*p - 2*v + 154 = -0*v, p = 4*v + q. What are the prime factors of p?
37
Let s(m) = 5*m - 25. Let g be s(5). Suppose 43*x - 38*x - 3*u - 6372 = g, 0 = -x - 5*u + 1280. What are the prime factors of x?
3, 5, 17
Suppose -4*d + 8 = 0, -h - 4*d + 2158 = 4*h. Suppose -w - 4*a + 2*a - 111 = 0, -4*w = a + h. Let s = w + 131. List the prime factors of s.
2, 3
Let z(c) = 12*c**2 + 48*c - 2002. List the prime factors of z(35).
2, 7, 13, 79
Let h(o) = 327*o**2 - o - 76. What are the prime factors of h(8)?
2, 3, 193
Let u be 5/(-1) - (-27 + 2 + -7). What are th